j*i - 2 + 0*i + i**3 - 1 + 10*i**2. Let m be p(-8). What is the greatest common divisor of m and 7?
7
Let z = 9 + -2. Let k(w) = -w**2 - z*w - 20 + 22 + 2*w**2. Let o be k(9). What is the greatest common factor of 8 and o?
4
Let z be 1740/140 + 3/(-7). What is the highest common factor of 78 and z?
6
Suppose 40*w - 35*w = 335. Let l = w - 59. What is the greatest common factor of l and 20?
4
Suppose n - 33 - 12 = 0. Let a = -35 + n. What is the greatest common factor of 40 and a?
10
Let n = -82 + 87. Let j be -25*n/10*-4. Suppose 2*q = -5*r + 92, -8 = q + q. What is the highest common factor of j and r?
10
Suppose a - 3*i + 1 = 0, 3*a + 3*i - 5 = 4. What is the greatest common divisor of a and 58?
2
Let f be (-4)/34 + (-4988)/(-493). What is the greatest common divisor of 70 and f?
10
Let t = 26 + 4. Let l be (-24)/(-4) + -2 + 0. Suppose l*f + 0*f - 40 = 0. What is the highest common factor of f and t?
10
Let w = 161 - 129. Calculate the highest common factor of w and 16.
16
Let i(o) be the first derivative of -o**2/2 + 21*o - 14. Let d be i(11). What is the highest common factor of d and 5?
5
Let p(f) = -2*f**3 + 31*f**2 + 19*f + 24. Let h be p(16). Calculate the highest common divisor of 72 and h.
72
Let s(g) = g**2 - 100. Let i be s(11). What is the highest common factor of 28 and i?
7
Let u(b) = 16*b**2 + 14*b + 1. Let t be u(-1). What is the highest common factor of t and 48?
3
Let z(d) = 2*d - 10. Let p be z(6). Let c be (-2)/((-2)/6*p). What is the highest common factor of 1 and c?
1
Let i(r) = -5*r + 100. Let c be i(13). What is the highest common factor of c and 245?
35
Suppose -4*y + 15 = -3*y. Suppose 3 = -d - 2*m, m = 5*d - m - 21. Let c be 30/9*d/2. What is the greatest common factor of y and c?
5
Let z = -985 - -1013. Calculate the highest common factor of 686 and z.
14
Suppose 5*r - 205*q + 207*q - 1424 = 0, 5*q - 1129 = -4*r. What is the greatest common divisor of r and 66?
22
Let m be (39 - 151)*2/(-2). Suppose 3*u + 16 = 4*u. Calculate the greatest common divisor of u and m.
16
Suppose 3*p = 3*a + 84, 3*a + 4*p = -p - 100. Suppose t + 3*n + 4 + 8 = 0, 5*n + 27 = -2*t. Let m = t - a. What is the highest common divisor of 9 and m?
9
Let m(h) = -14*h - 102. Let o be m(-12). Calculate the highest common factor of 594 and o.
66
Let a = -41 - -81. Calculate the greatest common divisor of a and 5.
5
Suppose -202*r + 1150 = -197*r. Calculate the highest common divisor of 345 and r.
115
Let j(a) = a**3 - 11*a**2 - 11*a - 37. Let o be j(12). Let x = 44 - o. Calculate the highest common factor of x and 23.
23
Let u(j) = -j**3 - j**2 - j - 1. Let t be u(-2). Suppose -t*n + 1320 = 3*n. Suppose -4*a + 182 - 50 = 0. Calculate the greatest common divisor of a and n.
33
Let j(v) = v**2 - 14*v + 8. Let d be j(13). Let t = d - -27. Calculate the highest common factor of t and 33.
11
Suppose -4*k + 28 = 2*u, 28 = 83*k - 79*k - 5*u. What is the greatest common divisor of 56 and k?
7
Let d = -34 + 58. Let q = 34 - d. Suppose -5*m + 50 = -q. What is the highest common factor of 60 and m?
12
Let a = 2 - -46. Let l = -153 - -321. Let c = l - 96. Calculate the highest common divisor of a and c.
24
Suppose 134*a + 12864 = 150*a. Calculate the highest common factor of 24 and a.
12
Let c(p) = p**3 - 5*p**2 + 6*p. Let w be c(5). Let h be 5/(-2)*(-144)/w. Calculate the greatest common divisor of 3 and h.
3
Let c = -1099 - -1283. Calculate the greatest common factor of c and 828.
92
Let y(d) = 22*d**3 - d + 2. Let n be y(2). Let v be 6/4*n/(-24). Let a = v + 18. What is the highest common divisor of a and 56?
7
Let o = -59 - -61. Let j be (374/11)/(o/5) - -3. Calculate the greatest common divisor of 11 and j.
11
Let u be 42 - -1 - (39 + -33). Calculate the greatest common factor of 259 and u.
37
Let b(z) = -z**2 - z - 2. Let m be b(-7). Let k be 20/(-8)*(2 + m). What is the highest common divisor of k and 15?
15
Suppose 2*f - 88 = 4*d, -5*f - 5 = 5. Let h = 5 - d. Let s = 40 - h. Calculate the greatest common factor of 48 and s.
12
Let s(c) = c**3 + 16*c**2 - 16*c + 7. Let g be s(-17). Let m = 6 - g. What is the greatest common divisor of m and 48?
16
Let d = 120 + -118. Suppose 7*s - d*s - 60 = 0. Calculate the greatest common factor of s and 60.
12
Suppose 3*k - 14 = 4*l, 2*k + l = -13 + 37. Let i be (369/2)/(18/24). Suppose -4*t + i = -74. Calculate the greatest common factor of k and t.
10
Let r = -3 - -5. Suppose 2*w + 2 = 2*j, -1 = -3*j + w + 4. What is the greatest common factor of r and j?
2
Suppose -h + 1521 = 441. Suppose -2*g = -4*s - 720, 3*g + s - h = -4*s. Calculate the highest common factor of g and 40.
40
Let u(q) be the first derivative of -q**3/3 + 3*q**2 - 6*q - 4. Let a be u(9). Let v be (-6)/(-33) - 885/a. What is the greatest common factor of v and 297?
27
Suppose 0*c - 3*u + 40 = 4*c, c - 17 = u. Suppose -2 - c = 5*b. Let x be ((b - -7) + -2)*28. Calculate the greatest common factor of x and 7.
7
Let k be 2/2 + (1 - 0). Suppose -k*y + 6*y - 4*x - 184 = 0, -5*y - 3*x + 222 = 0. What is the greatest common divisor of 5 and y?
5
Let x(o) = 9*o + 48. Let z be x(-3). Calculate the greatest common divisor of z and 924.
21
Suppose 2*c = -2, 64*c = p + 60*c - 76. Calculate the greatest common factor of 552 and p.
24
Let r be (6460/(-255))/(0 - 3/117). What is the highest common divisor of r and 76?
76
Suppose -4*a - p = a - 84, 0 = -a + p + 12. Suppose -2*g = 3*h - 106, 0*h - 3*g = -2*h + 49. Calculate the highest common factor of a and h.
16
Let r(u) = 72*u + 672. Let x be r(-8). Calculate the greatest common divisor of x and 3.
3
Suppose 5*y + t - 149 = 2*y, 0 = y + 2*t - 58. Calculate the greatest common divisor of y and 84.
12
Suppose 0 = -h - 3*h + 448. Let n(p) = -10*p + 326. Let i be n(31). What is the greatest common divisor of h and i?
16
Let t(r) = 36*r + 2. Let i = 7 - 9. Let a(v) = -35*v - 1. Let z(q) = i*t(q) - 3*a(q). Let h be z(7). Calculate the highest common divisor of 23 and h.
23
Let s = -1431 - -1487. What is the greatest common factor of s and 1932?
28
Let f be ((-15)/(-9))/(7/(-609)). Let r = f + 175. What is the greatest common factor of 45 and r?
15
Let t be (3 - 6) + 0 - -33. Let c = 173 - t. Calculate the greatest common factor of 13 and c.
13
Let y(t) = -t**2 - 9*t - 8. Let f be y(-6). Suppose -20*j = -21*j - 4*x + 2, 2*j - x = 22. Calculate the greatest common factor of j and f.
10
Suppose 28*k = 4*k + 528. Let p = -21 + 32. What is the greatest common factor of p and k?
11
Suppose -100 = -6*a + 4*a + 5*u, -a + 2*u + 49 = 0. Calculate the greatest common factor of 120 and a.
15
Suppose -68*w = -13*w - 825. What is the highest common factor of 185 and w?
5
Suppose 77 = 4*x - 83. Let g be -3 + 8 + 0/5. Suppose -b = -g*b + x. Calculate the greatest common divisor of b and 10.
10
Suppose 0 = -u, 52*u - 56*u - 300 = -5*y. Suppose 24 = 4*b - 3*b. Calculate the greatest common divisor of b and y.
12
Suppose 18*o - 38 = 34. Calculate the greatest common factor of 616 and o.
4
Let a(n) = n**3 - n**2 - 1. Let g be a(2). Let h(d) = d**2 - 12*d + 28. Let v be h(9). What is the greatest common divisor of v and g?
1
Suppose -2*y = y. Suppose 9*i - 4*i = 3*o - 98, -3*o + i + 106 = y. Calculate the highest common divisor of 9 and o.
9
Suppose 0*h = -h + 22. Suppose -187 = -3*n - h. Let l = -317 + 339. Calculate the greatest common factor of n and l.
11
Let v be (-16)/(-24)*12 - -52. Calculate the highest common factor of v and 16.
4
Suppose 9*j + 13*j - 1320 = 0. Calculate the greatest common divisor of 132 and j.
12
Suppose 4*b - 25 = 9*b. Let y be -2*1/b + 2964/15. Suppose 0 = 4*k + k - 90. What is the highest common factor of k and y?
18
Let u be (116/6)/(74/111). Calculate the greatest common divisor of u and 58.
29
Let n = 873 - 61. What is the greatest common divisor of 29 and n?
29
Suppose 0 = 10*l + 2*l - 2964. What is the greatest common divisor of 26 and l?
13
Suppose -3*j + 180 = 3*x + 27, 0 = -4*x + j + 209. Suppose 22 = 5*h + 3*z, 7*z = 4*z - 3. Suppose h*i = 23 + x. What is the greatest common factor of 135 and i?
15
Suppose i - 3 = 3*q - 8*q, -4*q = 5*i + 6. Suppose 0*f + 16 = -f + 4*a, 0 = 2*a - 4. Let c be 2 - (f/4)/i. What is the greatest common factor of c and 4?
1
Suppose 0 = -5*g + l + 6 + 19, 3*g - 5*l =